-21)/14*16/y?
6
Let l be (11820/(-50))/(9/30). What is the tens digit of 12 - 3 - l - (2 - 1)?
9
Let a = -365 - -367. Suppose 0 = f + 2*o - 17, -f + a*o + 15 - 18 = 0. What is the units digit of f?
7
Let h(c) = 73*c**2 + 4*c + 4. Let t = 0 - -3. Suppose -t*b + 3 = -6*b. What is the units digit of h(b)?
3
Suppose -3*b + 2*m + 7053 = 0, 156*b + 4*m - 7053 = 153*b. What is the tens digit of b?
5
Suppose 4*o - i = -11501 + 29854, 2*o + 4*i = 9172. What is the units digit of o?
8
What is the thousands digit of (13/(-26))/(5/(-66342)) - (-4)/5?
6
Let y(k) = 373*k + 8377. What is the thousands digit of y(44)?
4
Suppose 4*m + 20 = 4*i, 1 + 9 = -i - 4*m. Suppose -1975 = -7*z + i*z. What is the hundreds digit of z?
3
Suppose -540*k - 6808730 + 23082888 = -28578242. What is the ten thousands digit of k?
8
Let i = -42242 + 99489. What is the thousands digit of i?
7
Suppose 5*f + 6 = -84. Let r = f - -17. What is the units digit of ((-117)/(-1))/(0 + 1) - r?
8
Suppose 5*h + 3*i - 5*i = -262, 5*i + 20 = 0. What is the tens digit of (h/(-12)*2)/(6/224)?
3
Suppose 4*t - 16 = 2*t. Suppose -t*z + 5423 = 9*z. What is the units digit of z?
9
Let v be (-14*(-3 - -2)*-1)/(-2). Suppose -10 = -12*k + v*k. Suppose 4*w - 173 = k*y + 95, -2*y = 0. What is the tens digit of w?
6
What is the hundreds digit of 4/22 + 14/(2002/4769453) - 3?
3
Let x = -35 + 131. Let w = 2 + x. What is the tens digit of w?
9
Let z(f) = -18*f**3 + 18*f**2 + 55*f - 322. What is the ten thousands digit of z(-14)?
5
Let r be (130/6)/((-42)/(-28728)). Suppose -3*x = -23*x + r. What is the units digit of x?
1
Let d = 118 + -51. Let h be (1 - 3)*2 - d. Let j = h - -113. What is the units digit of j?
2
Let r(v) be the first derivative of 8*v**3/3 - 11*v**2/2 + 4*v - 9. What is the units digit of r(-3)?
9
Let w(p) = 6*p - 46. Let c be w(8). Suppose 0 = 5*x - c*i + 97 - 1406, -5*i = 2*x - 512. What is the hundreds digit of x?
2
Let u be 1 + ((-1)/2)/(23/(-138)). Suppose -5*l + 954 = -3*j - 1016, 1576 = u*l - 5*j. What is the hundreds digit of l?
3
What is the ten thousands digit of (-2328)/(-36)*6939/18?
2
Suppose 3*u = -2*x + 21904 - 4022, 0 = -3*u + 4*x + 17912. What is the tens digit of u?
6
Let d(u) = -4*u**2 - 15*u + 39. Let t be d(-19). Let m = -798 - t. What is the units digit of m?
2
What is the units digit of 27801/(-4)*(14 + (-1)/((-30)/(-500)))?
4
Suppose 732227 = -374*y + 3847647. What is the thousands digit of y?
8
Let r(n) = n**3 - 2*n**2 - n + 43. Let c(t) = 13*t + 15. Let d be c(6). Let j = d + -93. What is the units digit of r(j)?
3
Suppose -20*j + 309736 - 7316 = 0. What is the ten thousands digit of j?
1
Let j(z) = 24*z + 4*z**2 - 151 + 168 - 2*z**2. Let n be j(-12). Suppose 19*d - 494 = n*d. What is the units digit of d?
7
Let h = -16333 - -27510. What is the hundreds digit of h?
1
Suppose i = -v + 27857 - 10632, 0 = -2*v + 3*i + 34420. What is the ten thousands digit of v?
1
Let a = 2669 + -5198. Let b = a + 3602. What is the tens digit of b?
7
Let n(q) = q**3 + 19*q**2 + 14*q. Suppose -5*c + 7*j - 82 = 3*j, -38 = 2*c + j. What is the tens digit of n(c)?
7
Suppose -2*o + 2*q = 78, 0 = 77*o - 75*o - 3*q + 77. What is the hundreds digit of (-3622)/(-10) + 8/o?
3
Let g(h) = h**3 - 6*h**2 - 9*h + 16. Let l be g(7). Let p be -2 + l + -1 + 126/6. Suppose 0 - p = -w. What is the units digit of w?
0
Let n be 8/18*(-14 + 23). What is the hundreds digit of 4/(-6)*n/(24/(-4842))?
5
Suppose -58 = 4*x - 78, -w + 140 = -2*x. Suppose 146*g + 2328 = w*g. What is the hundreds digit of g?
5
Let f(r) = 21*r - 18. Let z(y) = -y + 1. Let h(c) = -f(c) - 15*z(c). Let g be h(7). Let m = g - -122. What is the units digit of m?
3
Suppose -49*x + 8352 = -31*x. Let v = 1460 - x. What is the hundreds digit of v?
9
Let z = -109 + 109. Suppose -s + 23*i - 24*i + 352 = z, i = -4*s + 1393. What is the tens digit of s?
4
Let k = 497 - -677. Suppose 4*r = 2*l + k, 0 = -r + 4*l + 185 + 105. What is the hundreds digit of r?
2
Suppose 50*a - 49*a = 12. What is the units digit of a/15*(3748/8 + 4)?
8
Suppose 2 = 3*o - 4*x, 1 = -3*o + 5*x - 1. Suppose -6*j + 9*j = -o. What is the units digit of (-642)/4*(4/3)/j?
7
Let g(v) = 8*v - 2*v + 11 + v**2 - 4*v. Suppose -4*r + 9 = -23. What is the tens digit of g(r)?
9
Suppose -3*t = -2*n - 24, -17*n + 12*n - 32 = -4*t. What is the thousands digit of (42300/t)/(-5)*(-18)/15?
1
Let w = 45 - -75. Let a be ((-30)/(-12))/(-5)*w. What is the tens digit of (-2 - 13/(-6)) + (-2150)/a?
3
Suppose 0*o = -2*h - 5*o + 4846, -5*o + 9672 = 4*h. Suppose -289 = 4*b - h. What is the tens digit of b?
3
Let w(o) = -207*o + 140. What is the units digit of w(-22)?
4
Let v = -8876 + 18532. What is the tens digit of v?
5
Let m be 2/(-26) + 297/143. Suppose -591 = -m*z + 1491. What is the thousands digit of z?
1
Suppose 0 = 26*f - 12 - 40. Suppose 384 = f*n - 4*x - 424, -5*x = -2*n + 813. What is the units digit of n?
4
Suppose -1776784 = -26*y + 422842. What is the units digit of y?
1
Suppose 0 = -7*i + 27 + 22. Let o(f) = f**3 - 2*f**2 - 4*f - 24. What is the hundreds digit of o(i)?
1
Let w be 46/10 + -2 - (-10)/25. Suppose -2*h + 13*k = 12*k - w, 4*h + 4*k = 0. What is the tens digit of (112/24 + h + -1)*3?
1
Let l(z) = 264*z + 9. Let x be l(5). Let d = x + -2427. What is the units digit of 2/(-7) + d/(-21)?
2
Suppose 7*g = 8*g + 10. Let u be 0*((-5)/2 - -2). What is the units digit of (-100)/g - (u - -1)?
9
Let d(i) = -77*i**3 - i**2 - 4*i + 4. Let l be d(-2). Suppose 3*n - 7*n = -40. Suppose -6*b + n*b - l = 0. What is the units digit of b?
6
Suppose 6 = -15*k + 12*k. What is the tens digit of (-48 + k)*667/(-46)?
2
Let y = -2 - 5. Let s(j) = -j**3 + 2*j**2 + 20*j + 7. Let f be s(5). Let p = f - y. What is the units digit of p?
9
Suppose 200*j = 195*j - 13135. Let u = -1681 - j. What is the units digit of u?
6
Let q(o) = -o**3 - 13*o**2 + 2*o + 27. Let d be q(-13). What is the hundreds digit of d/((-13)/52 + 606/2392)?
2
What is the hundreds digit of (-10936)/20*(-2 - 88/16)?
1
Let n = -16 + 19. Let m be -3*(0 + 4/(-18))*n. Suppose 3*d = -4*l - 7, -2*d + m*l = 3*l - 2. What is the units digit of d?
3
What is the hundreds digit of (-4)/(-26) + (-1009650)/(-390)?
5
Suppose s - 5*m - 24 - 8 = 0, 0 = -5*s + 4*m + 76. Suppose s*c - 5 = 11*c. Suppose 3*h + 164 = 5*t, -5*t = -c*h - 231 + 61. What is the units digit of t?
1
Let n be -186 + ((-5)/15)/((-4)/(-12)). Let y = 1180 + n. What is the hundreds digit of y?
9
Let a(l) = -9*l**3 - 33*l**2 - 24*l - 191. Let s(x) = 5*x**3 + 17*x**2 + 13*x + 96. Let b(i) = -6*a(i) - 11*s(i). What is the tens digit of b(10)?
0
Let p = -51490 + 92563. What is the hundreds digit of p?
0
What is the ten thousands digit of 2497812/84 + (-54)/63?
2
Let k be -7 - 2/(1*2). Let y(h) = 6*h - 3695*h**2 + 11*h - 3702*h**2 + 7400*h**2 + 8. What is the tens digit of y(k)?
6
Let h be -15 + 20 - (-1150 - -4). Let t = h + -527. What is the tens digit of t?
2
Suppose -5*n + 17147 = 3*d, -5*d - 11*n + 10*n + 28615 = 0. What is the tens digit of d?
2
Suppose -2*v + 3930 = 1950. What is the hundreds digit of v?
9
Let x = -23679 + 50223. What is the thousands digit of x?
6
Suppose 7*k = 100*k - 172980. What is the hundreds digit of k?
8
Let x = -468 - 165. Let f = x + 1184. What is the hundreds digit of f?
5
Let h = 3330 - 3345. Let y(d) be the third derivative of -d**4/4 - 4*d**3 - d**2. What is the tens digit of y(h)?
6
What is the hundreds digit of (125/45 - 4/(-18)) + 7419?
4
Let j be -16*(37/3)/((-18)/81). Suppose q - 8 = 3*q, -4*c + j = -q. What is the tens digit of c?
2
Suppose -2*f - w = -9, 2*f + 3*w + 6 = 5*w. Let o = -317 - -461. Suppose f*x - 8 - o = 0. What is the units digit of x?
6
Suppose -133 = -9*w + 29. Let o(g) = g**3 - 17*g**2 - 7*g + 5. What is the units digit of o(w)?
3
Let g(k) = -k**2 - 40*k + 10. Suppose 5*v + 180 = -2*n, 2*n + 112 = 2*v - 5*v. What is the tens digit of g(v)?
1
Let a(c) = c**3 - 5*c**2 + 123*c - 996. What is the thousands digit of a(30)?
5
What is the hundreds digit of (-416)/(-52)*1437/(-6)*-2?
8
Let u = -19 + 5. Let c = -11 - u. Suppose -6 = c*p - 270. What is the tens digit of p?
8
Let i = 12680 - 5507. What is the hundreds digit of i?
1
Let j = 1917 - -4595. What is the hundreds digit of j?
5
Suppose 36*r = -162963 + 417663. What is the hund